d by n?
21
Let i(x) = 7*x - 3. What is the remainder when 138/(9/6 - (4 + 1)/(-10)) is divided by i(4)?
19
Suppose -3*c = 3*x - 348, 2*c = -2*x + 5*x + 232. Let a(k) = 3*k**2 + 167*k - 36. Calculate the remainder when c is divided by a(-56).
16
Suppose 423 = h - u, 7*h + 5*u - 7*u - 2991 = 0. What is the remainder when h is divided by 60?
9
Let r(q) = -19*q - 32. Let j be ((-6)/4)/(27/72). Calculate the remainder when r(j) is divided by 16.
12
Let l = 8670 + -8000. Calculate the remainder when l is divided by 61.
60
Suppose 3*a + 10 = 5*y - 3*y, -5*y + 2*a = -25. Suppose 0 = q + y, u - 3*u - 18 = 2*q. Calculate the remainder when 63 is divided by u/12 - 43/(-3) - 1.
11
Let m = 737 - 426. What is the remainder when m is divided by (3 - 8/3) + 564/9?
59
Let g(w) = 3*w**2 - 22*w + 35. Let n be g(5). Suppose n = 22*k - 1554 - 3858. What is the remainder when k is divided by 13?
12
Suppose -4*f = -16*f + 24. Suppose f*i + 8*i - 450 = 0. What is the remainder when i is divided by 24?
21
Let d = -115 + 121. Let g be (-5 - (-2 + -1)) + -3. Let a(j) = -j**3 - 4*j**2 - j - 1. Calculate the remainder when a(g) is divided by d.
5
Suppose 0 = -y + 2, -52*d = -48*d - 3*y - 282. Let k = -443 - -799. Calculate the remainder when k is divided by d.
68
Suppose -80*k = -90*k + 3700. Let r = 378 - k. Calculate the remainder when 98 is divided by r.
2
Suppose -4*g = -5*k + 320, 3*g + 192 = 3*k - g. Suppose -354*a + 351*a + r + 113 = 0, -a + 2*r + 31 = 0. Calculate the remainder when k is divided by a.
25
Let i = -9658 + 9678. What is the remainder when 3377 is divided by i?
17
Suppose 0 = -81*q + 76*q - o + 87, 42 = 2*q + 4*o. Suppose 5*a - 749 = -c + 1101, -757 = -2*a + 3*c. Calculate the remainder when a is divided by q.
14
Suppose 32*h = 31*h + c + 32, 0 = 3*h + c - 72. Calculate the remainder when 779 is divided by h.
25
Let z(o) = -16*o**3 - 36*o**2 + 30*o + 300. What is the remainder when z(-8) is divided by 96?
92
Suppose 11*l - 30*l + 57 = 0. Suppose 2*y - 202 = -l*g - 2*y, -3*y = 3*g - 207. Let k = -67 + g. What is the remainder when 7 is divided by k?
0
Let m(q) = 10 - 12*q - 14 + 12 - 37 - 25. Calculate the remainder when 22 is divided by m(-5).
4
Let m = -15 - -11. Let s be 6400/26 - m/(-26). Suppose 0 = 2*o + 5*i - 245, -s = -4*o - 5*i + 239. Calculate the remainder when o is divided by 41.
38
Let o(p) be the first derivative of -p**3/3 + 4*p**2 + 12*p + 136. Calculate the remainder when 63 is divided by o(0).
3
Let x = -3908 - -5580. Calculate the remainder when x is divided by 31.
29
Let f(a) = -68 - 129 + 101 + 36*a - a**2. Let s = 33 + -21. What is the remainder when s is divided by f(33)?
0
Let r(q) be the second derivative of q**5/20 - 7*q**4/12 + 5*q**3/6 - 6*q**2 + 15*q. What is the remainder when 320 is divided by r(7)?
21
Let h be -14 + 17 + (-655 - 2). Calculate the remainder when 73 is divided by h/(-14) - (8/14)/(-2).
26
Let j be 433/15 + (-4 - (-62)/15). Suppose -27*u - 78 = -j*u. What is the remainder when u is divided by 14?
11
Let z be 1*2 + (7 - (17 + -10)). Suppose r - 2*r = -4*m + 282, -4*r = -z*m + 134. What is the remainder when m is divided by 3?
2
Suppose 19 + 15 = l. Suppose 5*g - l = 4*o, -2*g + 17*o + 15 = 14*o. What is the remainder when 44 is divided by g?
2
Let u be (-14)/21*(0 - 6). Suppose 0 = -5*f + 4*z + 188, -106 = -3*f + 3*z - u*z. What is the remainder when 286 is divided by f?
34
Suppose 5*b + 2 + 13 = 0. Calculate the remainder when 5*(198/(-5))/b is divided by 8 - (-382)/14 - (-54)/(-189).
31
Let f = 9573 + -8697. What is the remainder when f is divided by 8?
4
Let r = 0 - -8. Calculate the remainder when 261 - 196/(4 + 10) is divided by r.
7
Let n be -6 - 1305/(2 - 7). Suppose 24*l + n = 29*l + 4*c, 4*c = -l + 51. Calculate the remainder when 191 is divided by l.
38
Let t be 171/(-1)*(-28)/42. Calculate the remainder when 1520/t*(-18)/(-8) is divided by 7.
2
Suppose -2*f = f - 381. Let g(s) = 735*s + 18415. Calculate the remainder when f is divided by g(-25).
7
Let s = 17540 - 16949. Calculate the remainder when s is divided by 13.
6
Suppose 0 = 7*b - 38 - 46. Let n(a) = a**2 - 18*a + 62. Calculate the remainder when n(19) is divided by b.
9
Suppose -8*m - 7*m = 3*m. Let h(k) = k**3 + 8*k**2 - 3*k + 16. Suppose -3*c = -q + 55 + 68, 2*q + 5*c = 191. What is the remainder when q is divided by h(m)?
12
Let o = 146 - 130. Suppose 0 = -a + 2*b + o, -5*a + 7*b = 2*b - 80. What is the remainder when 205 is divided by a?
13
Let o(d) = d**2 + 27*d - 10. Let l be o(-27). What is the remainder when 129 is divided by 16/l*(-4)/16*110?
41
Let r(k) = -3*k - 8. Let c be r(-6). Let f = 5 + c. Calculate the remainder when (-11360)/(-210) - (1892/(-462))/(-43) is divided by f.
9
Suppose 62 - 7 = 5*w. Suppose 223*l = -3515 + 18010. What is the remainder when l is divided by w?
10
Let r(j) = -11*j**2 - 5*j - 2. Let z(u) = 0*u**2 + 8*u + 2*u - 9*u + u**2. Let t(k) = -r(k) - 5*z(k). Calculate the remainder when t(2) is divided by 7.
5
Let x = -20730 - -20914. Calculate the remainder when 212 is divided by x.
28
Let d(g) = 67*g**2 + 637*g + 86. Calculate the remainder when d(-11) is divided by 593.
0
Let w(c) = 23*c + 52 - 28*c - c**3 - 89 + 33*c**2 + 2*c**3 + 2*c**3. What is the remainder when 141 is divided by w(-11)?
15
Let z(a) = 2*a**2 - 12*a + 7. Let d = 192 - 178. Suppose -7*r = -d*r + 791. Calculate the remainder when r is divided by z(8).
35
Let g be 14/(-4)*(-20)/14. Suppose 33 = -g*c - 32. Let b(t) = -t**3 - 13*t**2 + 29. Calculate the remainder when b(c) is divided by 16.
13
Let l = 67 + -68. Let d(g) = 89*g**2 + 4*g + 5. Calculate the remainder when d(l) is divided by 24.
18
What is the remainder when 282 is divided by 8 + (-5 - (-1 + -2)) + 4?
2
Let l = 4161 + -4020. What is the remainder when 843 is divided by l?
138
Let n be (0/3)/((-12)/4). Suppose n = -j + 5*b + 7, -3*j + 3*b - 5*b + 89 = 0. Suppose u - j = -6. Calculate the remainder when 62 is divided by u.
20
Let x = -8 + 12. Suppose x - 44 = -8*j. Suppose 188 = 3*l - j*d, -2*l + 5*d = 3*l - 320. Calculate the remainder when l is divided by 10.
6
Let g(m) = 4*m**2 + 2*m + 27. Let f = -368 + 365. What is the remainder when 134 is divided by g(f)?
20
Let y = -10 + 3. Let t(z) = 5*z**2 - 3*z - 3. Calculate the remainder when t(5) is divided by -55*(y + (5 - -1)).
52
Let k = 57 + 14. Suppose -17*d = -19*d + 4. What is the remainder when k is divided by 5 - d*52/(-8)?
17
Let y(w) = -w**2 + 19*w - 9. Suppose 14 = 3*i - 52. Let j be y(i). What is the remainder when 74 is divided by (j/10)/((-2)/4)?
14
Let u(s) = 23*s + 70. Let w be u(-14). Let z = w - -335. What is the remainder when 159 is divided by z?
76
Let t = 6 + 7. Let x = -28008 - -28081. Calculate the remainder when x is divided by t.
8
Suppose 369*q - 520 = 364*q. Suppose -12*c + q = -4*c. What is the remainder when 896 is divided by c?
12
Suppose w = -2*b + 2121, -3*w - 1 = 14. What is the remainder when b is divided by 175?
13
Calculate the remainder when -2 - (-894)/2 - 0 is divided by (3 + 0 + 11)*6*10/30.
25
Suppose -6*x + 620 = -2*x. Suppose -2*y + 6*y = 0. Suppose 3*a = 2*c - 303, c + 2*a + y*a = x. Calculate the remainder when c is divided by 22.
21
Let t = 54 - -1. What is the remainder when 53*(-12 - (-486)/42)*-7 is divided by t?
49
Let a = -93 - -97. Suppose 0*u + 133 = 3*u - 2*z, -3*u + a*z + 125 = 0. What is the remainder when u is divided by ((-1)/(-2))/(8*6/768)?
7
Let l(j) = 14*j + 10. Let y be l(-3). Let f = 1 - y. Let c(d) = -d**2 + 5*d + 3. What is the remainder when f is divided by c(4)?
5
Let h(r) = r**2 - 13*r - 22. Let b be h(17). Let a be 2 + b - (-1 - -5). Let x = a + -32. What is the remainder when 59 is divided by x?
11
Let z(m) = -m**2 - 15*m + 37. Let r be z(-17). Suppose -7*y + 11*y = t - r, y = t - 6. Calculate the remainder when 230 is divided by t.
6
Let u be -39 + (4 - 2/2). Let j = 38 + u. Suppose 0 = -4*g - 3*n + 309, 3*g + j*n = 7*g - 294. Calculate the remainder when g is divided by 19.
18
Let z = 1762 - 910. Calculate the remainder when z is divided by 95.
92
Let i = 305 + -297. Suppose 3*o = -5*c + 266, -i*o = -9*o + c + 86. Calculate the remainder when 257 is divided by o.
83
Suppose 4*z = 3*j - 208 + 1558, z = 3*j + 324. What is the remainder when z is divided by